. What is the greatest common factor of a and 13?
13
Let r be (-106 + -61)/((-2 - (2 - 5))*-1). Calculate the highest common divisor of r and 13861.
167
Let m(q) = 2*q**3 - q - 3. Let s be m(2). Suppose 0 = -2*j + s - 11. Suppose -2*n + n + 13 = j. Calculate the highest common divisor of 117 and n.
13
Suppose -36*n = -5*k - 35*n + 92, n = -2*k + 48. Let j(i) = 20*i - 2. Let m be j(-3). Let y be -2 - m - (0 + 0). What is the greatest common factor of y and k?
20
Let c be ((-25)/15)/(5/(-45)). Suppose -c*n - 15*n + 1920 = 0. Let y be (-3)/2*(-16)/6. What is the highest common factor of y and n?
4
Let r = 2380 - 1753. Calculate the highest common factor of r and 44.
11
Let z = 16076 + -11094. What is the highest common divisor of z and 53?
53
Let i be -17 - 1323/(-77) - 1087/(-11). What is the greatest common factor of 495 and i?
99
Let c(w) = -43*w + 1342. Let g be c(12). Calculate the greatest common divisor of 20 and g.
2
Suppose -7351*c = -7336*c - 26700. What is the highest common divisor of c and 60?
20
Suppose 11*t + 9 = 12*t. Let k(q) = q**2 + 2*q - 15. Let r be k(t). Suppose r = 2*m + 14. Calculate the greatest common factor of m and 70.
35
Suppose -4*u = 5*d - 4567 + 25, -3615 = -4*d + 3*u. What is the highest common factor of 3 and d?
3
Let p be 1*(-3 - -1) + 34. Let o(u) = u**2 - 60*u + 640. Let z be o(47). Suppose 0 = 33*q - p*q - z. Calculate the greatest common divisor of 261 and q.
29
Let i be (327/(-6) + -2)*(5 - -1). Let y = 504 + i. Let j = y - 87. Calculate the highest common factor of 195 and j.
39
Let u be (187/(-33) - -6) + (744/9 - 6). Let v(x) = x**3 + 7*x**2 + 3*x + 4. Let g be v(-6). What is the greatest common factor of g and u?
11
Let m be -2 + (-4 - -1) + 7. Suppose 2*u + 15 = 7*u. Suppose 4*g - 10 = -u*p - 2*p, -2 = -p - 4*g. Calculate the greatest common factor of m and p.
2
Let x be (2 - -112)*(4 + 27/6). Let v = -677 + x. Suppose -470 = -3*r + 5*i, -58 = -2*r - 4*i + v. Calculate the greatest common factor of 11 and r.
11
Let b be (-1044)/(-54) + -3*((-10)/(-9) + -1). Calculate the greatest common factor of b and 15979.
19
Let b = 33983 - 33823. What is the greatest common factor of 710 and b?
10
Let w be (-429)/(-9) - -5 - (-10)/(-6). Suppose -w*f + 56*f = -4*z + 328, z = -5*f + 322. Calculate the highest common factor of f and 6.
2
Let b = 62 + -36. Let z(t) = t**2 - 18*t + 54. Let o be z(18). Suppose -61*v = -o*v - 728. Calculate the greatest common factor of b and v.
26
Suppose 5*y - 50 = -3*w, 5*y - 4*y + 8 = 3*w. Suppose y*o + 5*o - 144 = 0. What is the greatest common divisor of 6 and o?
6
Let i(n) = 16*n - 73. Let d be i(12). Suppose 10*t = -7*t + d. What is the greatest common divisor of 21 and t?
7
Suppose 15 = 5*m - 0*m. Suppose m*j - 664 = -196. What is the greatest common factor of j and 12?
12
Suppose -6*d + 3*p + p = -4956, 2*p = -6. What is the highest common divisor of 927 and d?
103
Let a(m) = 3*m**2 - 38*m + 155. Let v be a(5). What is the highest common factor of v and 290?
10
Let z = -5447 + 15289. Calculate the highest common factor of 259 and z.
259
Let h = -8019 - -12755. Calculate the highest common factor of h and 32.
32
Suppose 11*f - 9*f - 394 = 2*u, f + 2*u = 182. Let b = -148 + f. What is the greatest common divisor of b and 352?
44
Suppose -6*p = 401 - 1601. Let h be (-4)/2 - (-123 - -2). Let f = p + h. Calculate the greatest common divisor of 29 and f.
29
Suppose 773*k - 771*k - 589 = u, -3*k - 5*u = -903. Let i be (16/6)/(5/15). Calculate the greatest common factor of i and k.
8
Suppose 0 = q + 2*x - 25, 3*x - 46 = -2*q - 2*x. What is the highest common divisor of q and 187?
11
Suppose 0 = 4*b + 20, 2*u - 4*b - 1723 - 2357 = 0. What is the highest common factor of u and 63?
7
Suppose -57*q + 13 + 16 = -85. Calculate the greatest common factor of q and 228.
2
Suppose -4*f + 22 = -3*f + 19. What is the greatest common factor of f and 1217?
1
Suppose -62 = -3*z - 2*n, -10*n + 4 = -9*n. Suppose 12*p = z*p - 84. Calculate the highest common divisor of p and 616.
14
Let a(x) = -x**3 - 7*x**2 - 8*x + 4. Let g be a(-6). Suppose -f - 2*f = -2*z + 313, f = 2*z - 307. Calculate the greatest common factor of z and g.
8
Suppose 538 = -6*m + 1036. Let w = m + -65. What is the highest common divisor of 9 and w?
9
Let y = 60 - 61. Let d = 16 - 15. Let v be (d*-3)/(y*2/78). What is the highest common divisor of 13 and v?
13
Suppose -3*s - 3*s = -24. Suppose u - 3*w + 11 = 0, -5*w = 3*u - 2*u - 29. Let m be u/s - (-1)/(1/2). What is the greatest common factor of m and 9?
3
Let k be 25 + 30*14/(-42). What is the greatest common divisor of k and 627?
3
Let t be ((-162)/(-30) - 5)/((-3)/(-660)). Let g be (-12)/(-60) + (-328)/(-10). What is the highest common divisor of g and t?
11
Suppose -2*r = -r - 28. Calculate the greatest common factor of r and 3878.
14
Let o = 2706 - -769. What is the highest common factor of o and 278?
139
Suppose 975*t - 977*t - j = -6686, -6*t = -2*j - 20078. Calculate the greatest common factor of t and 30.
15
Let j be (-44502)/(-8) + -1 + 1314/5256. Calculate the highest common divisor of 162 and j.
54
Suppose -5*a + 1361 = -w - 1889, -1316 = -2*a + 2*w. Let r = 45 - 21. Calculate the greatest common factor of r and a.
24
Suppose -3*c + 9 = 0, 3*i + 0*c - 5*c = 120. Let w(t) = 330*t + 696. Let u be w(-2). Calculate the highest common divisor of i and u.
9
Suppose -29*a + 22*a + 121 = -33. What is the highest common divisor of 2013 and a?
11
Suppose 1476 - 420 = 33*k. Calculate the highest common divisor of 208 and k.
16
Let k(q) = -q**2 - 31*q + 255. Let b be k(-22). Calculate the highest common factor of 6644 and b.
151
Let s(x) = -1 + 174*x + 9*x**2 + 0 - 169*x. Let g(t) = 1. Let f(j) = 2*g(j) + s(j). Let l be f(-1). What is the greatest common divisor of 10 and l?
5
Let t = -39 + 41. Let w be (12/30 + -4)/(t/10). Let y = w - -30. What is the greatest common divisor of 9 and y?
3
Let d be ((-15)/(-6)*(-726)/55)/(-1). Let p(i) = 2*i**2 + 3*i + 1. Let m be p(-6). Let o = m - d. Calculate the highest common divisor of o and 198.
22
Let s(b) = -23*b - 218. Let t(m) = -8*m - 72. Let i(p) = -4*s(p) + 11*t(p). Let d be i(-7). Calculate the greatest common divisor of 260 and d.
52
Suppose n - 536 = t, 1320 = 2*n + 2*t + 240. Calculate the highest common divisor of n and 27169.
269
Suppose -4*x + 2*k = -4, -5*x - 5*k - 7 = -27. Suppose x*u = 5*u - 264. Let p = u + -8. Calculate the highest common divisor of 20 and p.
20
Let d(y) be the first derivative of 1/2*y**2 - 1/3*y**3 - 43/4*y**4 + 19 + 2*y. Let s be d(-1). Calculate the highest common factor of 344 and s.
43
Let m = 689 + -600. Suppose 3*x - m = -2*y, -3*y + 126 = -6*x + 8*x. Calculate the highest common factor of y and 920.
40
Let p(a) = 5*a**2 + 8*a + 8. Let c be p(-2). Let t = -8 + c. What is the greatest common factor of 4 and t?
4
Let t be 153 - (3 + 1 - 3). Let z be (-2)/16 + 7619/t. Let o = -44 + z. What is the highest common divisor of 6 and o?
6
Suppose 3*w + 645 = 18*w. Suppose -5*r = -p - 134, -4*r = p - w - 57. Calculate the highest common factor of 312 and r.
26
Suppose -5*s + j + 324 = 0, 22*s + j + 132 = 24*s. Calculate the highest common divisor of 280 and s.
8
Let b(m) = -m - 93. Let y be b(31). Suppose 2*v = 3*g + 265, 3*v + 570 = 7*v + 2*g. Let x = y + v. Calculate the highest common divisor of 128 and x.
16
Let f = -40 + 20. Let i = f - -23. Suppose -i*j + 17 = -5*v - 35, -3 = -2*j - 3*v. Calculate the highest common divisor of j and 99.
9
Let r = 30023 - 29745. What is the highest common divisor of 50874 and r?
278
Let p(b) = 20*b**2 - 529*b - 1054. Let i be p(-2). Let a be (-1)/(-5) - 1118/(-10). Calculate the greatest common divisor of a and i.
28
Let b be 210/4*((-156)/(-18))/13. Let r be (-5)/(-25) - (-2303)/b. What is the greatest common factor of r and 33?
33
Suppose -3111 = 182*g - 790*g + 1753. Let o be 446/(-18) + 2/(-9). Let t = o - -97. What is the greatest common divisor of g and t?
8
Suppose 0 = -2*y + v + 11590, 19*v = 3*y + 15*v - 17375. What is the highest common factor of 11 and y?
11
Suppose -90*l = -l + 74 - 341. What is the greatest common factor of l and 280?
1
Let p(q) = -q + 492. Let z(x) = x - 490. Let s(o) = -5*p(o) - 6*z(o). Let d be s(0). What is the highest common divis